 + 163. Give j(-6).
-5
Let z(g) = 2*g + 17. What is z(-11)?
-5
Let w(c) = 7*c - 3. Determine w(6).
39
Let f(k) = -k**3 - 8*k**2 - 7*k + 8. Determine f(-7).
8
Let z(g) = -5*g - 8. Calculate z(0).
-8
Let p(s) = -4*s - 45. What is p(-15)?
15
Let i(q) = -q**2 + 10*q - 8. What is i(11)?
-19
Let r(w) = w**2 + 8*w + 4. Give r(-7).
-3
Let z(g) = -g**3 - 7*g**2 - g + 6. Determine z(-3).
-27
Let j(f) = 2*f + 3. Calculate j(-5).
-7
Let j(m) = -4*m**2 - 3. Determine j(-3).
-39
Let x(m) = 79*m**2 - m. Determine x(1).
78
Let o(q) = q**2 + q + 1. Calculate o(-2).
3
Let m(k) = k**3 - 8*k**2 - 17*k - 24. What is m(10)?
6
Let m(a) = a**2 - 10*a + 7. Calculate m(8).
-9
Let d(v) = -v**2 - 13*v - 2. What is d(-14)?
-16
Let v(u) = 4*u - 2. What is v(0)?
-2
Let y(h) = -6*h + 4. Determine y(9).
-50
Let n(t) = -t**3 + 19*t**2 - 20*t + 43. Determine n(18).
7
Let a(r) = -5*r - 12. What is a(-9)?
33
Let x(o) = -o**2 - 2*o + 36. Determine x(-7).
1
Let k(u) = -u**2 + 3*u. Calculate k(1).
2
Let s(b) = 2*b + 21. Calculate s(0).
21
Let w(t) = -6*t + 18. Give w(8).
-30
Let d(m) = 18*m - 114. Calculate d(6).
-6
Let o(i) = -i**2 + 11*i - 23. Give o(6).
7
Let s(h) = -h**2 - 12*h - 8. Calculate s(-11).
3
Let f(o) = o**2 + 12*o + 9. Determine f(-10).
-11
Let b(z) = z**3 - 7*z**2 + 10*z - 20. What is b(6)?
4
Let u(f) = 3*f**2 + 26*f - 10. What is u(-9)?
-1
Let r(d) = -d**3 - 21*d - 1. Determine r(0).
-1
Let x(q) = -q**2 - 4*q + 17. What is x(7)?
-60
Let y(d) = d**3 + 8*d**2 - 10*d - 19. Calculate y(-9).
-10
Let x(o) = -o**2 + 2*o + 6. What is x(-3)?
-9
Let m(h) = -h + 2. Calculate m(-27).
29
Let x(g) = 4*g - 8. Determine x(5).
12
Let a(w) = w**3 - 19*w**2 - 6*w + 85. What is a(19)?
-29
Let u(k) = -k**3 + 7*k**2 - 5*k + 8. Determine u(7).
-27
Let i(y) = -y**2 - 39*y - 384. Calculate i(-19).
-4
Let a(r) = 3*r**2 + 4*r - 4. Give a(1).
3
Let v(u) = u**3 + 2*u**2 + u - 6. Give v(3).
42
Let q(z) = -z + 3. Calculate q(-12).
15
Let g(h) = -4*h - 12. Give g(-3).
0
Let q(s) = -2*s + 3. Give q(-2).
7
Let u(y) = -2*y**2 - 17*y + 52. Calculate u(5).
-83
Let y(t) = 3*t**2 + 5*t + 20. Calculate y(-7).
132
Let u(j) = j**3 + 10*j**2 - j + 9. Give u(-10).
19
Let x(g) = -7*g**2 - 377*g + 66. Give x(-54).
12
Let b(l) = -l**2 - 3*l + 3. Calculate b(-5).
-7
Let t(y) = -y**3 - 7*y**2 + 10*y - 5. Determine t(-8).
-21
Let k(y) = -14*y - 245. What is k(-18)?
7
Let i(n) = -n**2 - n - 41. Calculate i(0).
-41
Let o(i) = -i**3 - 4*i**2 - 2*i. Determine o(-4).
8
Let x(a) = a + 27. What is x(-6)?
21
Let b(p) = -20*p + 2. Calculate b(1).
-18
Let l(g) = -g**3 - g**2 + 4*g - 23. Determine l(0).
-23
Let y(c) = c**3 + 5*c**2 - 9*c - 20. Calculate y(-5).
25
Let v(p) = p**3 + 6*p**2 - 9*p - 10. Calculate v(-7).
4
Let i(o) = -o**2 - 6*o + 12. Give i(-8).
-4
Let b(i) = -8*i - 53. What is b(-20)?
107
Let i(t) = -t**2 + 7*t + 6. What is i(9)?
-12
Let z(g) = 5*g + 3. Calculate z(0).
3
Let v(o) = 11*o + 71. Determine v(-8).
-17
Let m(j) = -13*j + 56. Give m(4).
4
Let z(k) = k**2 - 9*k + 5. Calculate z(9).
5
Let m(l) = l**3 + 9*l**2 - 2*l + 11. Calculate m(-9).
29
Let h(w) = -2*w + 12. Calculate h(7).
-2
Let b(m) = -m**2 + 4*m + 215. What is b(-12)?
23
Let g(n) = 3*n - 53. What is g(6)?
-35
Let w(s) = -12*s**2 - s + 2. Determine w(1).
-11
Let v(o) = -15*o - 2. Determine v(0).
-2
Let w(c) = 2*c**2 + 8*c + 7. Give w(-6).
31
Let h(p) = 9*p + 5. Give h(1).
14
Let x(c) = -c**3 + 24*c**2 + 53*c - 30. Give x(26).
-4
Let m(y) = -29*y**2 - 4*y + 3. What is m(1)?
-30
Let r(x) = -x**3 + 2*x**2 - 3*x + 2. Give r(3).
-16
Let s(i) = 15*i - 1. Determine s(5).
74
Let p(w) = 7*w - 30. Calculate p(6).
12
Let q(c) = c**2 + 41*c + 123. Calculate q(-38).
9
Let q(p) = -p**3 + 10*p**2 - 7*p - 12. Give q(9).
6
Let g(i) = i**2 + 14*i - 21. Give g(-15).
-6
Let z(j) = -j**3 + 11*j**2 - 10*j. Give z(10).
0
Let z(v) = -v**2 - 21*v + 92. Calculate z(-25).
-8
Let u(p) = -p - 11. Determine u(0).
-11
Let n(l) = -5*l**2 + 11*l - 4. Give n(2).
-2
Let i(l) = l**3 + 2*l**2 - 2*l + 1. What is i(1)?
2
Let c(r) = 2*r**2 - 32*r - 6. Give c(17).
28
Let w(g) = 28*g + 55. Calculate w(-4).
-57
Let u(m) = m**2 - 2*m - 13. Give u(7).
22
Let s(z) = -3*z - 2. What is s(-9)?
25
Let b(h) = -6*h**2 - 109*h + 4. Give b(-18).
22
Let q(o) = -o**3 + 5*o**2 - o - 6. Give q(4).
6
Let t(y) = -y**2 - y - 2. Calculate t(4).
-22
Let s(u) = -u**3 + 6*u**2 + 8*u + 7. What is s(7)?
14
Let t(u) = u**3 + 5*u**2 - 18*u + 8. Calculate t(-6).
80
Let g(o) = 38*o. What is g(-1)?
-38
Let u(c) = c**2 - 16*c - 44. Give u(16).
-44
Let h(p) = -66*p - 1. Give h(-1).
65
Let v(s) = s**2 - 20*s - 163. Calculate v(26).
-7
Let x(l) = -6*l + 2. Calculate x(-6).
38
Let a(w) = 2*w**2 - 35*w + 55. Give a(16).
7
Let o(z) = -z**3 + 8*z**2 + 5*z - 8. Determine o(4).
76
Let f(m) = m**3 + 2. What is f(-2)?
-6
Let x(i) = 56*i. Determine x(-1).
-56
Let d(w) = -4*w**2 + 101*w - 13. What is d(25)?
12
Let l(m) = -11*m + 3. Calculate l(6).
-63
Let k(b) = -b**2 + 12*b + 4. Give k(12).
4
Let x(u) = u**2 - 5*u - 28. Determine x(9).
8
Let a(r) = r**3 + 12*r**2 - 4*r - 14. Determine a(-12).
34
Let o(m) = 6*m - 129. Calculate o(23).
9
Let k(u) = 2*u - 15. Calculate k(6).
-3
Let x(j) = 4*j**2 - 7*j - 13. What is x(4)?
23
Let g(r) = -2*r**2 + 56*r + 51. Give g(29).
-7
Let y(v) = -v**3 - 4*v**2 + 5*v + 27. Determine y(-4).
7
Let o(d) = 2*d**3 + 59*d**2 - 28*d + 57. What is o(-30)?
-3
Let d(n) = 4*n**2 + 2*n - 2. Give d(3).
40
Let d(v) = -5*v + 40. Give d(8).
0
Let u(g) = -g**2 + 15*g - 12. Determine u(17).
-46
Let w(l) = -l**3 + 14*l**2 - 50*l + 9. Give w(8).
-7
Let f(g) = -g**3 + 17*g**2 - 17*g + 22. Give f(16).
6
Let h(i) = -3*i**2 - 23*i - 7. Determine h(-7).
7
Let l(n) = 79*n - 245. Calculate l(3).
-8
Let y(r) = -r**2 - 9*r + 14. Give y(-9).
14
Let x(z) = z**3 - z**2 - 2*z + 7. Calculate x(0).
7
Let l(j) = -j**2 + 5*j - 9. What is l(3)?
-3
Let j(m) = m**2 - 5*m - 7. Calculate j(6).
-1
Let u(p) = p**3 + 12*p**2 - 31*p - 27. What is u(-14)?
15
Let b(u) = -5*u - 1. Give b(-2).
9
Let v(p) = 60*p + 15. What is v(-3)?
-165
Let o(u) = u**3 + 6*u**2 + 6*u + 45. Calculate o(-7).
-46
Let b(z) = 16*z + 249. Determine b(-12).
57
Let r(o) = -28*o**2 - 80*o + 15. Calculate r(-3).
3
Let b(c) = -c**3 + 6*c**2 + 9. What is b(6)?
9
Let s(h) = -h**3 - 13*h**2 - 13*h - 15. What is s(-12)?
-3
Let r(t) = 9*t + 24. What is r(-11)?
-75
Let j(s) = s**3 + 8*s**2 + 3*s + 4. What is j(-6)?
58
Let l(f) = f**2 + 25*f + 47. Determine l(-21).
-37
Let p(q) = 2*q + 39. Determine p(-17).
5
Let k(p) = -2*p + 25. Determine k(9).
7
Let y(a) = -3*a - 31. Give y(-10).
-1
Let r(m) = -m**2 - 6*m - 10. Determine r(-7).
-17
Let s(z) = -z**3 + 4*z**2 + 5*z + 5. What is s(6)?
-37
Let f(o) = -o**3 - 9*o**2 - 2*o + 4. Give f(-9).
22
Let w(c) = -c**3 + 14*c**2 + 3*c + 3. Give w(14).
45
Let h(r) = -2*r**2 - 70*r - 191. What is h(-32)?
1
Let w(i) = i**3 + 10*i**2 + 14*i + 12. Calculate w(-9).
-33
Let w(c) = 8*c + 5. Give w(14).
117
Let l(z) = z**3 + 2*z**2 - 9*z - 10. What is l(-5)?
-40
Let a(n) = n**3 + 11*n**2 + 9*n - 10. What is a(-10)?
0
Let h(o) = 3*o**2 - 7*o + 12. Calculate h(3).
18
Let j(b) = -10*b + 85. Calculate j(8).
5
Let i(r) = -13*r - 45. Give i(-6).
33
Let p(k) = 2*k + 15. What is p(-5)?
5
Let o(n) = -2*n**2 + 41*n + 24. Give o(21).
3
Let g(q) = -7*q**2 - 4*q + 3. Calculate g(2).
-33
Let g(v) = v**3 + v**2 + v + 2. Calculate g(0).
2
Let h(f) = -f - 3. Calculate h(5).
-8
Let f(h) = -h**3 + 5*h**2 + 39*h - 30. Determine f(9).
-3
Let v(u) = u - 54. Calculate v(28).
-26
Let l(t) = -2*t + 3. Give l(7).
-11
Let w(s) = 9*s + 174. Give w(-19).
3
Let k(l) = -l**2 + 5*l - 10. Calculate k(4).
-6
Let d(w) = 2*w**2 - 3*w + 6. Determine d(3).
15
Let t(a) = 4*a + 7. Give t(-7).
-21
Let l(v) = -v**3 - 3*v**2 + 7*v + 5. Determine l(-6).
71
Let w(v) = -v**3 + 3*v**2 - 2*v. What is w(3)?
-6
Let c(a) = -6*a - 67. Calculate c(-11).
-1
Let p(t) = -3*t**3 - 21*t**2 - 4*t - 16. Calculate p(-7).
12
Let j(r) = -r**3 + 16*r**2 - 16*r - 9. Give j(15).
-24
Let w(x) = 2*x**3 - 5*x**2 - 3*x + 1. Give w(4).
37
Let n(t) = t**3 - 27*t**2 + 50*t - 6. Give n(25).
-6
Let y(v) = -7*v + 16. Give y(12).
-68
Let a(r) = -18*r - 1. Calculate a(-10).
179
Let m(i) = i**2 - 161. What is m(-13)?
8
Let m(g) = -13*g - 156. Give m(-12).
0
Let t(q) = -q + 1. What is t(-5)?
6
Let v(h) = 3*h - 29. Give v(8).
-5